n j(-12) is divided by 27.
24
Suppose 1017*x - 978*x = 137475. What is the remainder when x is divided by 24?
21
Let o(r) = 3*r + 13. Suppose -4*k = 5*y - 30, 3*k - 29 + 18 = 2*y. What is the remainder when 51 is divided by o(k)?
23
Let c = 5021 - 4967. Calculate the remainder when 627 is divided by c.
33
Let o(d) = 2*d - 59. Let b be o(14). Let l(z) = -z**3 - 32*z**2 - 33*z - 25. What is the remainder when 184 is divided by l(b)?
36
Let j = 103 + -101. Let x(o) = -29 + 107 - o**j - 34 - 14 - 20*o. What is the remainder when x(-13) is divided by 31?
28
Let w = -43191 - -43324. Let k(v) = v**2 + 4*v - 2. Calculate the remainder when w is divided by k(-6).
3
Let n(p) = -p**2 + 10*p + 23. Let c be n(12). Let b(v) = 13*v. Calculate the remainder when b(6) is divided by c/4 + (-715)/(-44).
14
What is the remainder when 566 is divided by (((-474)/16)/(24/(-32)))/((-123)/(-738))?
92
Let o be 19/2 - (2 + 3)/(-10). Suppose -496 = -o*q + 2*q. Calculate the remainder when q is divided by 13.
10
Let a = -1841 + 2021. What is the remainder when a is divided by 45?
0
Let g(b) = 14*b + 344. What is the remainder when 389 is divided by g(-24)?
5
Calculate the remainder when (2 - 279)*(-17)/17 is divided by 109.
59
Let c(h) = h**3 - 12*h**2 - 13*h + 5. Let l be c(13). Suppose 5*w = p + 246, -4*w + l*p + 173 = -7. Calculate the remainder when w is divided by 38.
12
Let c(l) = 8*l + 44. Let j be c(-5). Suppose -j*t - 478 = -5*z, -z + 3*t + 285 = 2*z. What is the remainder when z is divided by 26?
20
Suppose -4*v = -5*w - 715, 539 = 22*v - 19*v - w. What is the remainder when 189 is divided by v?
9
Let g(s) = -s**3 + 19*s**2 + 20*s. Let r be g(20). Suppose r = -v, d - 5*v + v = -36. Calculate the remainder when (-2492)/d + (-2)/9 is divided by 37.
32
Let g(f) = 1198*f + 3635. What is the remainder when 1507 is divided by g(-3)?
31
Let i = -10160 - -10456. What is the remainder when 3549 is divided by i?
293
Let h = 144 + -96. Calculate the remainder when 3/(-8) + 896328/3776 is divided by h.
45
Suppose -2*u - 4*u = 3*u - 99. What is the remainder when 362 is divided by u?
10
Suppose -5*v + 2*c = -6, -5*v = -3*v - 5*c - 15. Suppose 3*p + 2*u - 29 - 20 = v, 0 = p - 4*u + 7. Calculate the remainder when 2/4*2 + 61 is divided by p.
10
What is the remainder when 540/(-405)*(6 - 0)/((-12)/753) is divided by 36?
34
Let m(x) = -x**3 + 18*x**2 - 62*x + 110. Calculate the remainder when m(2) is divided by ((-3)/9)/((-2)/78).
11
Let q = -9 - -15. Suppose 3*o - 4*h - 166 = 306, -2*o + 313 = -3*h. Suppose -6*t = -o + 122. Calculate the remainder when t is divided by q.
1
Suppose -4*z = 3*y - 66, -286*y = -2*z - 282*y + 44. Calculate the remainder when 755 is divided by z.
17
Let v = -15600 + 15738. Let i(g) = g**3 - 12*g**2 + 2*g + 11. Calculate the remainder when v is divided by i(12).
33
Let d = -17910 + 17934. What is the remainder when 1146 is divided by d?
18
Let k(h) = -676*h + 6343. Calculate the remainder when k(9) is divided by 37.
0
Let x(s) = -s - 12. Let i be x(-17). Suppose 2*q - 4*q = i*p - 14, 3*p = -2*q + 6. What is the remainder when 43 is divided by p?
3
Suppose 741 = 13*y - 481. What is the remainder when 367 is divided by y?
85
Let i(x) = -132*x - 75. Let d be i(-5). Suppose -29*l + d = -2663. Calculate the remainder when l is divided by 5.
2
Suppose -17847 + 1287 = -48*b. What is the remainder when b is divided by 169?
7
Let a(s) = s**2 - 3*s + 3. Let y be a(-4). Let t = y + -22. Let n = 1620 + -1568. Calculate the remainder when n is divided by t.
7
Suppose 3*l = -3*o + 108, 5*l + 3*o + 292 = 12*l. Calculate the remainder when 191 is divided by l.
31
Let v(r) = r**3 + 11*r**2 - 6*r - 6. Let h be v(-11). Let x = 61 - h. Calculate the remainder when (20/12 - x)/((-4)/(-702)) is divided by 40.
37
Suppose -8282 = -2*f - x, -7*x + 16 = -11*x. Calculate the remainder when f is divided by 122.
117
Let g(j) = -4*j + 21. What is the remainder when (42 - -4)/((-6)/(-51)) is divided by g(-7)?
48
Let y(u) = -56*u**2 + 1233*u + 10. What is the remainder when 176 is divided by y(22)?
16
Let f = -2820 - -2861. What is the remainder when 561 is divided by f?
28
Let i be 1/1 + -1 + 87. Suppose -4*p + i = 3. What is the remainder when p is divided by (-21 - (-4 - 14))*-5?
6
Let r = -411 - -478. Calculate the remainder when -5*(-2)/5*r is divided by 27.
26
Let d = -25961 - -26179. What is the remainder when d is divided by 76?
66
Suppose 3 = -2*l - b + 2, 0 = l + 2*b + 2. Suppose -i - 2*i - 4*c + 98 = l, 4*i - 119 = -3*c. What is the remainder when ((-12)/24)/((-2)/412) is divided by i?
25
Let g(y) = -4*y**3 + 2*y. Let h = -9 - -7. Let o(p) = p**3 + 11*p**2 + 16*p - 30. What is the remainder when o(-7) is divided by g(h)?
26
Calculate the remainder when (2 - 2) + (10 - (-548)/2) is divided by 27.
14
Let f(u) = 13*u**2 - u - 1. Let v be f(-1). Let g be (0 + -1)/((-10)/(-60)). Let b = v + g. Calculate the remainder when 9 is divided by b.
2
Suppose -14*g - 12*g + 2808 = 0. Let k = 64 + g. What is the remainder when k is divided by 25?
22
Let w = 174 + -223. Let c = w + 84. What is the remainder when 6/30 + (-854)/(-5) is divided by c?
31
Let f(c) = -c**2 + 17*c + 49. Calculate the remainder when f(9) is divided by 70.
51
Suppose 12*i - 1656 = 3276. Let n = i - 345. Calculate the remainder when n is divided by 5.
1
What is the remainder when (59/((-4956)/276472))/((-4)/6) is divided by 76?
73
Let m = -90 - -90. Calculate the remainder when 100 is divided by (-13)/((-6)/(m + 24)).
48
Let n = -29 + 40. Suppose -2*c + 9 = c, 360 = 5*y - 5*c. Calculate the remainder when y is divided by n.
9
Suppose -5*k + 5358 = 9*d, -931 = -4*d - 2*k + 1451. Calculate the remainder when d is divided by (-4 + 16)*20/6.
37
Let s be 0 + (35/7 - -2). Suppose -x + 39 = -s. Calculate the remainder when x is divided by 26.
20
Let o(a) = -25*a - 9. Let x(u) = 2*u**2 + 25*u + 8. Let y(b) = -3*o(b) - 4*x(b). What is the remainder when 115 is divided by y(-2)?
11
Let z(s) = -50*s**3 - 10*s**2 - 22*s - 94. Calculate the remainder when z(-8) is divided by 79.
78
Let v = -11907 - -12061. What is the remainder when 402 is divided by v?
94
Let m(c) = 70*c - 772. Let p(n) = -n + 25. What is the remainder when m(12) is divided by p(9)?
4
Suppose 0 = z - 4*v - 31, 0*z - 29 = -z + 3*v. Suppose -5*f - 738 = -z*f. What is the remainder when f is divided by 25?
16
Let i(f) = 15*f**2 + 7*f - 8. Let g be i(-5). Suppose -2*v + 200 = 3*k, 0 = -4*v + k + 82 + g. Calculate the remainder when v is divided by 52.
51
Let x be (-66)/(-4)*10/3. Let w(g) = -10*g - 63 + 21*g + g**2 + x. Calculate the remainder when 4 is divided by w(-12).
0
Let t(h) = -37*h**3 + 4*h**2 + 2*h - 3. What is the remainder when 54 is divided by t(-1)?
18
Suppose -61*f = -124*f + 34902. What is the remainder when f is divided by 33?
26
Calculate the remainder when 194*(2187/(-90))/(-27) - (-8)/(-5) is divided by 38.
21
Suppose x + 41 = 4*w + 6*x, -x = -w + 17. Let k be (-4)/6 + 6*7/63. What is the remainder when k + 58 - (10 - 4) is divided by w?
10
Let u(a) = 478*a + 8746. Calculate the remainder when 1846 is divided by u(-18).
0
Let g = -5069 + 5830. Calculate the remainder when g is divided by 69.
2
Let n(b) = b**2 + 55*b - 1581. What is the remainder when 490 is divided by n(-78)?
64
Let k = 3039 + -2854. Calculate the remainder when 516 is divided by k.
146
Suppose -2*y - 28 = 4*m, -9 = 4*m - 5*y + 47. Let p(c) = c**2 - 11*c + 12. What is the remainder when p(m) is divided by 49?
45
Suppose p - 2*p = -3. Suppose 4*n - 10 = p*n. What is the remainder when n is divided by (-176)/110*((-45)/27 - 20/(-48))?
0
Let y = 59 + -57. Suppose -r = -2*m - 117, -585 = -7*r + y*r + 5*m. Let k = -20 + 37. What is the remainder when r is divided by k?
15
What is the remainder when 17/(-85) - (-6622)/35 is divided by 135?
54
Let x be (-1)/(-3) + (-20)/(-12). Suppose 8 = x*h, 6 = -v + h + 2. Suppose a - 7 - 13 = v. What is the remainder when 57 is divided by a?
17
Let i(f) = -8*f - 83. Let y be i(-18). Suppose -y*u - 128 = -65*u. What is the remainder when u is divided by 9?
5
Suppose 36*i + 1768 - 3480 = 7252. What is the remainder when 17427 is divided by i?
246
Let f(s) = 53*s + 402. Let t be f(-24). Let h = -739 - t. Calculate the remainder when h is divide